
Let b be 39/(-156) - (-2 + 1/(-4)). Suppose 3*z = b*x - 1397, 2*x + 3*z = 628 + 751. What are the prime factors of x?
2, 347
Let c(k) = -k**2 + 2*k + 75. Let a be (-4)/(-22) - 24/11. Let u be 0/(a*3/(-3)). What are the prime factors of c(u)?
3, 5
Let i(z) be the second derivative of z**5/5 + z**4/4 - z**2 + 10*z. Let h be i(1). What are the prime factors of (-1 - (-24 - 1))*h?
2, 3, 5
Let j = -358 + 366. What are the prime factors of (-1)/(-2) + (11 - (-7676)/j)?
971
Let o(q) = -4*q - 14*q**2 - 13*q - 3 + 0 + 13*q**2. Let h be 30*-3*2/12. List the prime factors of o(h).
3
Let m(c) = 4*c + 31. Let r be -21*6/(-9)*(-5)/10. Let o be m(r). Suppose o*g = -9*g + 1824. What are the prime factors of g?
2, 19
Suppose -13*y + 4 = -11*y. Suppose -4*o + 4*p = -348, 5*p - 261 + 66 = -y*o. What are the prime factors of o/1 + (5 - 0 - 4)?
7, 13
Let r be 6/(-2) + (-70)/(-5). Suppose 15*f - 1160 = r*f. List the prime factors of f.
2, 5, 29
Let z(m) = 0 - 3 + 4*m + 8 - 1. Let h be z(0). What are the prime factors of -1 + h - (-2 - 0)?
5
Let y = -104 + 531. What are the prime factors of (-6 - -8)*(y + -2)?
2, 5, 17
Let h be 0 - ((-187)/4)/((-12)/(-48)). Suppose 5*o = -25, h = x - o - 400. What are the prime factors of x?
2, 3, 97
Suppose -9*x + 3340 = x. Suppose 158 = 2*a - x. List the prime factors of a.
2, 3, 41
Suppose 7*d - 242 = 178. Let i(b) = 1 + d*b**2 - 4 + 36*b**2 + b + 3*b. What are the prime factors of i(1)?
97
Let x(t) = -3956*t - 6254. List the prime factors of x(-6).
2, 8741
Let n(a) = a**2 - 59*a - 111. List the prime factors of n(-55).
3, 2053
Suppose b = 13*b - 28692. Let k = b - 1578. List the prime factors of k.
3, 271
Suppose 2*z + 3*y - 27496 = 0, z - y = 15862 - 2104. List the prime factors of z.
2, 13, 23
Let m be 6/(-21) + 8472/7. Suppose 88 = 1404*y - 1393*y. Suppose y*o = -3*o + m. List the prime factors of o.
2, 5, 11
Let b(g) = 151*g**3 - 7*g**2 + 15*g + 5. Let a(m) = -76*m**3 + 3*m**2 - 7*m - 2. Let z(o) = 13*a(o) + 6*b(o). List the prime factors of z(-2).
2, 5, 13
Suppose 13*v = 3*v - 40. What are the prime factors of (-390)/325*1/(v/90)?
3
Suppose -4*a + 1865 = -w, 2*a - 1057 = w - 126. List the prime factors of -1 + -3 + 4 + a.
467
Let r(f) = 64*f - 355 + 487 + 111*f - 38*f. List the prime factors of r(4).
2, 5, 17
Suppose 2*q + 2*a - 3 + 1 = 0, 2*a = -3*q + 2. Suppose 3*o - 3*c - 744 = q, -5*c + 252 = o - 26. What are the prime factors of o?
11, 23
Suppose 7*x + 27 = 3*t + 4*x, -5*t = 3*x - 13. Suppose 4*c + 4 = 0, -5*w - 521 = -t*c + 644. Let l = -122 - w. What are the prime factors of l?
2, 7
Suppose -17*m - 17667 + 54181 = -250905. List the prime factors of m.
11, 29, 53
Suppose -4*b - 70 + 126 = 0. Let z(y) = -y**2 + 18*y - 51. Let a be z(b). Suppose -10*h + 190 = -a*h. What are the prime factors of h?
2, 19
Let q be (23/(-2) + 11)/((-1)/10). What are the prime factors of 9 - (4*(6 - q) - 3)?
2
Let w be (132/10)/((-10)/25). Let f = 17 - w. Let k = f + -31. What are the prime factors of k?
19
Suppose -g - 5*o = -46 + 13, 3*g = 2*o + 14. Suppose 2*u - 4 - g = -2*w, -5*w - 42 = -3*u. Suppose 0 = u*l - 137 - 169. What are the prime factors of l?
2, 17
Let f be 30*((-15)/5 - -4). What are the prime factors of 5096/f - (-2)/15?
2, 5, 17
Let a(q) = 20*q**2 - 19*q - 4. Let j be a(-6). Suppose -2*r + 3*w + w + j = 0, -r + 5*w = -412. What are the prime factors of r?
3, 139
Let x = -160 + 168. Suppose -x*p + 411 = -7*p. What are the prime factors of p?
3, 137
List the prime factors of (-86)/(-817) + (-121290)/(-57).
2, 7, 19
Let q = -39833 + 79855. What are the prime factors of q?
2, 20011
Suppose 0 = -588*r + 665*r - 1534456. List the prime factors of r.
2, 47, 53
Suppose 40*u = -23*u + 1961064. What are the prime factors of u?
2, 3, 1297
Let v(j) = 3*j - 4. Let c be v(2). Suppose 4*o = -5*s + 31, -c*s = -o + s + 12. List the prime factors of o.
3
Let n be 169/(-1) - 14*(-24)/(-112). Let k = 668 - n. List the prime factors of k.
2, 3, 5, 7
Suppose -3*b + 6*b - 3*w = 12, 0 = -3*b + 2*w + 13. Suppose 0 = 3*z + b*r + 234, -6*r + r - 312 = 4*z. What are the prime factors of z/((-2 - 2) + 3)?
2, 3, 13
Suppose -t - 129 = -4*a + 285, 0 = 3*a - t - 311. Let z = -37 + a. What are the prime factors of z?
2, 3, 11
Let y = -132 - -129. What are the prime factors of (-9102)/(-18) - 1/y?
2, 11, 23
Let y(u) = 11*u**3 - 21*u**2 - 16*u + 48. What are the prime factors of y(11)?
2, 41, 73
What are the prime factors of (-5)/(-20)*3120552/54?
14447
Suppose -240 = 6*k - 54*k. Suppose 3*z = 10*v - k*v + 2723, -1811 = -2*z - v. What are the prime factors of z?
2, 3, 151
Suppose 3*l - 3 = b, -6*l + 5 = -b - 2*l. Suppose -3*d - b*y = 2*d + 163, -2*y + 113 = -3*d. Let u = 45 - d. What are the prime factors of u?
2, 5
Let g(y) = -y**3 - 6*y**2 - 2*y - 5. Let u be g(-6). What are the prime factors of (1169/3)/u*6?
2, 167
Let v be 2*-1*52/(-8). Suppose 3*f = 4*c - 0*c - 11, v = -3*c - 2*f. What are the prime factors of c/4 - 1022/(-56)?
2, 3
What are the prime factors of 5194/(-1)*(404 - 407)?
2, 3, 7, 53
Let k(a) = 144*a**2 + 8. Suppose 137*f = 148*f + 22. List the prime factors of k(f).
2, 73
Let i be ((-260)/(-143))/((-8)/(-44)). Suppose i*a + 3*g + 1102 = 11*a, 0 = g + 2. List the prime factors of a.
2, 137
Suppose 300*v - 3*x = 302*v - 26295, 0 = -3*v - 4*x + 39441. What are the prime factors of v?
3, 13, 337
Suppose -7100 = -5*o - 5*o. Suppose 227*b - 232*b = -o. What are the prime factors of b?
2, 71
Let q(x) = -48*x**2 + 36*x - 2. Let b be q(-2). Let r = 1517 + -1045. Let u = b + r. What are the prime factors of u?
2, 103
What are the prime factors of -16 + (-11 - -21) + 62689?
62683
Let f(z) = -21*z + 19*z - 11 - 34*z. List the prime factors of f(-6).
5, 41
Let k(v) = -8*v**2 - 2*v - 53. Let b(o) = o**2 + 2*o + 1. Let z(h) = -b(h) - k(h). What are the prime factors of z(-12)?
2, 5, 53
Let g(n) = 23*n**2 - 122*n - 54. Let s(y) = 8*y**2 - 41*y - 18. Let h(v) = 6*g(v) - 17*s(v). Let w be h(20). Let f = w + -12. List the prime factors of f.
2, 5, 7
Let h(t) = 467*t**2 - 8*t + 7. Let q be -2*(-8)/16*1. List the prime factors of h(q).
2, 233
Suppose 4*y - 58740 = -7*k, 3*k + 4*y - 12042 = 13130. List the prime factors of k.
2, 1049
Let y be (1/4)/((-17)/(-136)). Suppose m - 224 = -4*z - 26, 2*m = y*z + 366. What are the prime factors of m?
2, 3, 31
Suppose 2*m + 3*m = 25. Suppose 4*z = 12, 13 = s + m*z - 6*z. List the prime factors of s.
2
Let p be (-4)/8*(1 + 1)*-99. Let m = 175 - p. List the prime factors of m.
2, 19
Suppose -130*h + 63*h - 1692329 = -114*h. What are the prime factors of h?
36007
Let o(l) = 45*l**3 - l**2 + 65*l - 337. What are the prime factors of o(7)?
2, 3, 17, 19
Let z be ((-42)/(-7) + -6)*1. Suppose 492*p - 494*p + 1182 = z. List the prime factors of p.
3, 197
Suppose 11089*y - 3959693 = 11028*y. List the prime factors of y.
139, 467
Let s = 76 + -76. Suppose s = -2*v + v + 8. Suppose v*a = 13*a - 1005. What are the prime factors of a?
3, 67
Suppose -2*s = -5*x + 18, -1 - 1 = x + s. Suppose x*r - 128 - 70 = -2*o, -2*r + 201 = o. Let c = r - -6. What are the prime factors of c?
2, 3
Let k(n) = -69*n + 2. Let w be k(-4). Let i(l) = -235*l - 1880. Let d be i(-8). Suppose d = -5*x + p + w, 4*p - 47 = 5*x - 334. List the prime factors of x.
5, 11
Let k(b) = b**3 + 30*b**2 - 28*b + 26. Let c be k(-31). Let g = 28 - c. List the prime factors of g.
5, 19
Let a = 22744 + -16824. What are the prime factors of a?
2, 5, 37
Suppose 5*q - 3*w + 0*w - 12 = 0, 0 = -5*w + 5. What are the prime factors of ((q - 9) + 7)*(-3 + 142)?
139
Let m = 22564 - 10769. What are the prime factors of m?
5, 7, 337
Let b = -6074 + 13287. List the prime factors of b.
7213
Let o(x) = -x**3 - 49*x**2 - 113*x - 76. Let t be o(-46). Let d = -736 - t. What are the prime factors of d?
2, 5, 7
Let a = 387 - 698. Let z = -180 - a. List the prime factors of z.
131
Suppose 230 = -6*b + 62. What are the prime factors of b/42 - (-1148)/3?
2, 191
Suppose 2*o - 32126 = -2*b, -4*b = -o + 12124 + 3924. Suppose -5522 - o = -22*q. List the prime factors of q.
3, 109
Let b(y) = 216*y - 77*y - 90*y - 3. Let i be b(17). Suppose -i = -30*c + 25*c. What are the prime factors of c?
2, 83
Let j be -1*(-38 + -3)/((-1)/(-2)). Suppose -j*k - 3528 = -91*k. What are the prime factors of k?
2, 